 Let w(n) = -36*n + 48. What is the hundreds digit of w(t)?
1
Suppose 3*c + 141*b - 12080 = 145*b, 2*c - 8054 = 2*b. What is the units digit of c?
8
Let p = 1104 - 586. Let a = 425 + p. What is the tens digit of a?
4
Let v(g) = -g**3 - 26*g**2 - 82*g - 422. What is the tens digit of v(-33)?
0
Let b(j) be the first derivative of -j**4/4 + 8*j**3/3 - 11*j**2/2 + 4*j + 26. What is the tens digit of b(3)?
1
Let m = 849 + -1111. Let i = 580 + m. What is the hundreds digit of i?
3
Let j(h) = h**3 + 6*h**2 + 6*h + 9. Let z be j(-5). Suppose -y = z*a - 824, -2*a + 5*y - 4*y = -412. What is the tens digit of a?
0
Let m(u) = 203*u**2 + 35*u - 36. Let o be 42/(-98) - 3/((-42)/20). What is the tens digit of m(o)?
0
Let h = -131 - -142. Let t(j) = 69*j - 301. What is the units digit of t(h)?
8
Let g = 988 + 2000. Suppose 3044 + g = 8*n. What is the units digit of n?
4
Suppose -72083 - 7321 - 194100 = -66*b. What is the thousands digit of b?
4
Suppose 16302 = 2*i - 5*j, -4*i + j + 12830 = -19810. What is the hundreds digit of i?
1
Suppose -6*b = -7*b - 68. Let x = b - -115. Suppose 0 = -m + 2*y + 8 + x, -4*y + 232 = 4*m. What is the tens digit of m?
5
Suppose -8 - 36 = -11*u. Suppose -2*c - 4 = -u*c, y + 32 = c. What is the units digit of (-186)/y + -6 + (-1329)/(-5)?
6
Suppose -5*a = -0*b + 3*b + 4, 0 = -3*a + 12. Let y = b - -8. Suppose y = 3*q + 4*g - 186 - 208, q = 5*g + 125. What is the units digit of q?
0
Let j = 7794 - 3817. What is the hundreds digit of j?
9
Suppose 35*n + 4*i = 34*n + 5748, -3*i + 28774 = 5*n. What is the hundreds digit of n?
7
Suppose 0 = -3*s - s + 24. What is the tens digit of -5 - 356/(-2) - (2 - s)?
7
What is the hundreds digit of (-16 - -91)*(-1224)/(-20)?
5
Suppose -3*q = 4*k + 2*q - 10, -5*k - q + 23 = 0. Suppose -3*n - 313 = -3*w - k*n, 414 = 4*w + 2*n. What is the units digit of w?
1
Suppose 0 = 35*c - 7*c - 56. What is the hundreds digit of -3 - (c/(-3))/(20/9480)?
3
Let q = -60 - -33. Let t(z) = -39*z - 85. What is the tens digit of t(q)?
6
Suppose 2*o + 3*y + 147 - 5107 = 0, 3*o = y + 7418. What is the tens digit of o?
7
Let n(f) = 517*f**2 - 15*f - 37. What is the ten thousands digit of n(5)?
1
Let m = 4 - -40. Suppose 34*b - 22791 = -55*b - 124*b. Let x = b - m. What is the units digit of x?
3
What is the units digit of (0 + (-2)/(-8))*(-32)/48*-86694?
9
Suppose 96*b + 92 = -3*j + 100*b, 5*j = -b - 115. What is the hundreds digit of (-1782)/((-18)/(-27) + j/9)?
8
Suppose -21 = -4*z - 2*w + 13, 0 = -4*z + 4*w + 16. Suppose 24 + 130 = z*n. Let p = 63 - n. What is the units digit of p?
1
Suppose -6*d + 27169 = 5317. Let c = -2564 + d. What is the thousands digit of c?
1
Let g(t) = -23359*t**3 - 314*t - 315. What is the tens digit of g(-1)?
5
Let i = 10 + -17. Let t(d) = -56*d - 147. What is the hundreds digit of t(i)?
2
Suppose -32*l + 128 = -16*l. Let m(w) = 9*w**3 - 59*w**2 - 7*w + 7. What is the tens digit of m(l)?
8
Let w = -43270 - -52406. What is the units digit of w?
6
Suppose -3*q + 4177 = -2951. Suppose 2*t = 0, -q = -0*n - 3*n - t. What is the units digit of n?
2
Suppose -5 = -2*a + 3. Suppose -a = -3*u - 16. What is the units digit of (-7)/(-14) + (-218)/u?
5
Let p = 3344 + 243. What is the thousands digit of p?
3
What is the thousands digit of (-623)/7*(18 + -15)*-86?
2
Let b = -110 - -102. What is the hundreds digit of -5 + b + 7 + 298?
2
Let c(h) = 28*h**2 + 76*h - 49. What is the tens digit of c(13)?
7
Let f be 1/3 + 11/(66/(-56)). Let v(p) = 25*p + 24. Let r be v(f). Let z = 410 + r. What is the tens digit of z?
0
Suppose 5*g - 154 = 5*h - 44, -4*h = g - 22. Suppose -4*r + 12 = 0, z - 2*z + 4*r + 20 = 0. Let s = z - g. What is the tens digit of s?
1
Suppose 0 = -0*v - 4*v - 4, -4*r + 10 = -2*v. Suppose -2*u = -5*i - 318 + 90, -2*u + r*i = -222. What is the tens digit of u?
0
Let y(g) = -15*g + 1. Let j be (1/2)/((-11)/(-902)) + -2. Let k = j + -46. What is the units digit of y(k)?
6
Let t(k) = 233*k**2 + 23*k - 102. What is the thousands digit of t(5)?
5
Let d = -607 - -443. Let h = d - -212. What is the tens digit of h?
4
Let i be (-3)/(-3 + 4) - -5. Suppose i*q = 2, 32 + 146 = 4*w + 2*q. What is the units digit of 3/6*(w - 8)?
8
Let z(c) = -79*c - 36. Let n be z(-9). Suppose 0 = -0*u - 5*u + n. Let h = -86 + u. What is the tens digit of h?
4
Let t(w) = -2*w**2 + 68*w + 4. Let l be t(34). Suppose 0 = -3*g - 3*p + 390, -15*g + 12*g = l*p - 387. What is the hundreds digit of g?
1
Suppose 3*i - 3047 = 5*b - 511, 5888 = 7*i + 3*b. What is the hundreds digit of i?
8
Let v be 4/(-14) - 66/84*-8. Suppose 89 - 17 = v*q. Suppose -q*j + 13*j = 70. What is the units digit of j?
0
Suppose -17*n - n = -54*n + 576072. What is the hundreds digit of n?
0
Let c = -2251 - -2371. Let o be ((-3)/(-2))/(6/8). Suppose o*n = -2*j + c, n + 336 = 5*j - 3*n. What is the tens digit of j?
6
Suppose 0 = l + 2*o - 1283 - 2086, 0 = -4*l - 2*o + 13464. What is the hundreds digit of l?
3
Suppose 15*h = 25*h + 40. Let p be 27/6 - h/(-8). Suppose 3*r = -3*k + 891, -p*k - 3*r + 437 = -748. What is the units digit of k?
4
Let f(k) be the second derivative of k**4/12 + 3*k**3/2 + 13*k**2 - 3*k. Let v(r) = r - 29. Let n be v(17). What is the tens digit of f(n)?
6
Suppose -2*g + g + 3 = -4*m, 4*m + g - 3 = 0. Suppose 12*n - 3029 + 617 = m. What is the tens digit of n?
0
Let p be (-2)/8 + 34/8. Let k be 630/360*8/2. Suppose m + 316 = p*x, -3*x + 5*m - 340 = -k*x. What is the tens digit of x?
8
Let s(c) = 5393*c**2 - 18*c + 52. What is the thousands digit of s(2)?
1
Suppose 4*v = 594 - 190. Suppose v = 9*w - 187. What is the tens digit of w?
3
Let t(p) = 10*p**3 - 3*p**2 + p + 4. Let b(q) = 3 + 11*q**3 - 3*q**2 - 2*q + 2 + 3*q. Let j(i) = -3*b(i) + 4*t(i). What is the units digit of j(2)?
7
Suppose -21*d = -425038 - 69218. What is the ten thousands digit of d?
2
Let z(n) = 5*n**3 - 9*n**2 - 6*n + 100. What is the hundreds digit of z(14)?
9
Let u = 234 - 153. Let r = u + -79. Suppose -184 = -o - r*y, -y + 476 = 2*o + 114. What is the hundreds digit of o?
1
Suppose t - j = 18, -j = -5*t - 3*j + 111. Suppose -t*m = -26*m + 140. What is the tens digit of (-3 - 28/(-8))*m?
1
Suppose -32*g + 2196 + 8995 = -8169. What is the units digit of g?
5
Suppose 3*x + k - 2146 = 3632, -5*x - 5*k + 9650 = 0. What is the thousands digit of x?
1
Suppose -4*m - 4*p = -1601 - 2415, m = -2*p + 1001. Suppose 2*z - m = -3*q, 4*z + 5*q - 2011 = -0*z. What is the tens digit of z?
9
Suppose 5*x - 5599 = -4*p + 26997, 3*x - 16300 = -2*p. What is the hundreds digit of p?
1
Let i(d) = d**2 - 10*d + 6. Let x(y) = y**2 - 2*y - 1. Let h be x(2). Let r = 12 - h. What is the units digit of i(r)?
5
Let j(b) = 6*b**3 + 3*b + 4. Let t be j(-2). Let r = 52 + t. What is the tens digit of 51 - (-3 - (r - 4))?
5
Let v = 3399 + -1025. What is the hundreds digit of v?
3
Suppose 20*j = 18*j + 14. Let z be 2 + j + -3*1. Let o = z - -2. What is the units digit of o?
8
Let c be 9/((-36)/(-1880)) + 2. Suppose -4*y - c = 4*z - 0*z, 0 = -4*y - 2*z - 462. What is the tens digit of (y*1)/(-3*5/15)?
1
Let v = 75592 + -48612. What is the tens digit of v?
8
Let m = -416 + 416. Suppose -4*x - 448 = -h, m = -15*h + 14*h + 5*x + 445. What is the hundreds digit of h?
4
What is the hundreds digit of (-6 - 7) + 10493/7?
4
Let c = 542 - 537. Suppose 2*n + 5*g = 2699, -c*n + 6701 = -87*g + 84*g. What is the tens digit of n?
4
Let j(z) = -134*z**3 + z**2 - 3*z - 3. Suppose 5*u + 135 + 195 = 0. Let k = u - -65. What is the units digit of j(k)?
5
Let n(p) = 153*p**2 - 128*p + 6. What is the hundreds digit of n(6)?
7
Suppose 1 = 3*f - 2*f, -4*d = -f - 58899. What is the ten thousands digit of d?
1
Let z be (-11 - (5 - 20))*(-10)/(-8). Suppose 3315 = z*a - 885. What is the units digit of a?
0
What is the thousands digit of ((-832)/65)/(0 + 0 - 4/1130)?
3
Let g(w) = -102*w - 145. Let x be g(-8). Let a = 1258 - x. What is the hundreds digit of a?
5
Suppose 10*m - 6187 = 663. Suppose -695 = -n + 4*q, n + 14*q - m = 13*q. What is the hundreds digit of n?
6
Let s(c) = 20*c**3 + 11*c - 19*c**3 + 8*c**2 + 4 - 6. Let l be s(-6). What is the tens digit of ((-62)/l)/((-3)/6)?
3
Suppose 4*b - 1 = i, 6*i - 8*i - 2 = 0. Suppose 17*a - 6782 - 1990 = b. What is the hundreds digit of a?
5
Let p(y) = -16*y**3 + 3*y**2 + y + 